 Let m(t) = 5*t**3 + 7*t**2 - 18*t - 5. Let u(x) = 4*k(x) - 3*m(x). Calculate u(-5).
-5
Let q be (15/405*-9)/(1/(-21)). Let k(f) = -f + 3. Determine k(q).
-4
Let v = -34 - -49. Suppose 3*j = 6*j - v. Let w(z) be the first derivative of z**2/2 + 2*z + 2. What is w(j)?
7
Let b(m) = 3*m - 6. Let v(q) = -7*q + 14. Let s(p) = -10*b(p) - 4*v(p). What is s(5)?
-6
Let s(m) = m + m**2 + 0*m + 6*m. Let g be 20/3*201/(-268). Give s(g).
-10
Let n = 37854 + -37856. Suppose 0 = j - 1 - 0. Let p(z) = z - z + j - z**3 + 2*z - 2*z**2. Give p(n).
-3
Let v(o) = o**3 + 3*o**2 + 5*o + 2. Let y(t) = -t**3 - 4*t**2 - 22*t - 39. Let w be y(-2). Calculate v(w).
-13
Let h(r) = 2*r - r - 115 + 118 + 3*r. Give h(7).
31
Let s(t) = 4*t + 80. Let d be s(-21). Let k(w) = -5*w**3 - 2*w**2 + 2*w + 6. Let b(n) = 6*n**3 + 2*n**2 - n - 6. Let x(m) = 4*b(m) + 5*k(m). Determine x(d).
14
Let k(r) = r - 4 + 2 + 1 - 3*r. Let q = 61 + -59. Give k(q).
-5
Let m(a) = a**2 - 11. Suppose 3*t = -0*t - t. Calculate m(t).
-11
Let y(a) = a - 6. Let f(d) = 2*d**3 + 36*d**2 - 39*d - 14. Let h be f(-19). Give y(h).
-1
Let k = -2630 - -2623. Let p(y) = y**3 + 8*y**2 + 3*y - 17. Give p(k).
11
Let t(g) = g**2 - 13*g - 2. Let i be (-13)/(-2) - 3/6. Let n(w) = -2*w**2 + 27*w + 5. Let r(m) = i*n(m) + 13*t(m). Determine r(7).
4
Let m(g) = -300 - g**2 + 151 + 149 - 16*g**3. Let f be (1 - 0)*2 - 0. Suppose -f*s = s + 3. Give m(s).
15
Suppose 2*h = -4, i - 3 = -0*i + h. Let q be (0 + i)/(-1) + -1. Let t(n) = -2 - n**2 - 2*n + 3*n - 4609*n**3 + 4608*n**3. What is t(q)?
0
Let n(a) be the third derivative of a**4/8 + 13*a**3/6 + 117*a**2. Determine n(-9).
-14
Let s = 310 + -308. Suppose -l + 20 = -5*l. Let t be (s/(-8))/(l/40). Let d(b) = b**3 - b**2 + b - 2. Give d(t).
4
Let v(b) = -b**3 - 7*b**2 + 6*b - 8. Let z = -293 + 285. Determine v(z).
8
Suppose 3*p + 40 = 4*w - p, 5*w - 4*p - 50 = 0. Let f(i) = -29*i - 1 + 17*i - w*i. Give f(1).
-23
Let w(j) = -j**3 + 23*j**2 - 3*j + 79. Let f be w(23). Let p(t) = -5*t + 51. Determine p(f).
1
Let z(m) be the second derivative of -m**4/4 - 5*m**3/6 - m**2/2 + 150*m. What is z(-3)?
-13
Suppose 5*o = -4*j - 20, 0 = -2*j - o - 4*o - 10. Let w(p) = 12 + 59*p + 62*p - 5 - 118*p. Determine w(j).
-8
Suppose 21*c - 25*c + 84 = 0. Let y(j) = -c*j + 10*j + 12*j - 2 + 4. Calculate y(-5).
-3
Let l = 541 - 539. Let o(v) = v**3 - v**2 - v - 1. Determine o(l).
1
Let x(j) = -3*j + 13. Let o(b) = 6*b - 25. Let s(g) = 4*o(g) + 9*x(g). Give s(7).
-4
Suppose -2*m = 2*w + 14, -w + 20 = -2*m + 27. Let v(s) = s**3 + 7*s**2 + s + 5. Calculate v(w).
-2
Let u(g) = 13*g + 1. Let i be 99*2/(-4 - 8/(-4)). Let v = i + 101. What is u(v)?
27
Let s be (3 - 4)*(-3 - 0). Let a(v) = -3*v + 7374623 - 7374623. Determine a(s).
-9
Let g = 4431 - 4427. Let s(k) be the first derivative of 3/2*k**2 + 1 - 1/3*k**3 - 3*k. Calculate s(g).
-7
Let o(d) = d**2 - 2*d + 2. Let p(t) = t**2 - 2*t - 11. Let h(s) = s**2 - 3*s - 11. Let j(g) = -4*h(g) + 3*p(g). Let i be j(7). Calculate o(i).
10
Let y(q) = -q**3 - 6*q**2 - 6*q + 2. Let u(k) = 6*k - 32. Let z be u(6). Suppose 3*c + 4*x = -35, 4*c + 0*c + 32 = 2*x. Let f = z + c. Calculate y(f).
7
Let r(b) = b. Let m be 18/12*14/3. Let j(z) = -z + 12. Let v be j(m). Suppose -5*p + 5 = -v. Calculate r(p).
2
Let g(m) = m**2 - 12*m + 6. Let h = 1052 + -1042. What is g(h)?
-14
Let p(t) = -t**3 - t**2 + 5*t. Let d = -52 + 58. Let s be (-3)/d - 14/4. What is p(s)?
28
Let q(s) = -s - 2. Let d(x) = 9*x + 5. Let a be (-15)/(-18) - 10/(-60). Let n(u) = a*d(u) + 3*q(u). Suppose 0*b = 3*b - t, 5*b + 4*t - 17 = 0. Give n(b).
5
Let m = 141 - 144. Suppose -3*p + 12 = 3. Let g(h) = 2*h**2 + h**3 + 0*h + 4 - 5*h + p*h. Calculate g(m).
1
Let s(c) = 4*c + 21. Let p be (-9)/27*17/(85/150). Calculate s(p).
-19
Let d(c) = 7*c - 9. Let w(r) be the first derivative of 3*r**2/2 - 4*r - 6. Let k(f) = 4*d(f) - 9*w(f). Determine k(5).
5
Let c(n) = 2*n**3 - 7*n**2 - 7*n + 8. Let i(f) = -f**3 + 4*f**2 + 3*f - 4. Let t(l) = 2*c(l) + 5*i(l). Let x(p) = -p**2. Let y(m) = t(m) + 5*x(m). What is y(0)?
-4
Let j(l) = l**3 - 2*l**2 + l + 2. Let r(v) = -v**3 + 5*v**2 - 6*v - 4. Let t(d) = -2*j(d) - r(d). What is t(-3)?
6
Let d(s) = s**3 - 7*s**2 + 5*s + 5. Suppose 0 = -4*j + 18 + 2. Let b(c) = 13 - 5 - 12 + 2*c. Let o be b(j). Give d(o).
-1
Let y(w) be the third derivative of -7*w**4/24 - w**3/2 + 127*w**2. Calculate y(-3).
18
Let x(m) = -12*m + 0*m**2 + 3 + 10*m - m**2. Let k be x(-3). Let b(z) = -3*z + k + 2 + z**3 + z**2 + 2*z. Determine b(-3).
-13
Let f(w) = -w**2 + 6*w - 11. Suppose -18*y - 9*y = -135. Determine f(y).
-6
Let c(b) = -2*b + 3. Suppose -62 + 11 = 3*i. Let y = i + 22. Suppose -10*s + y*s - 15 = 0. Determine c(s).
9
Suppose -v - 2 = -2*v + n, -3 = -3*v + 4*n. Suppose 6*p + 40 = p - 5*d, 13 = 4*p - v*d. Let h(t) = 2*t + 1. Determine h(p).
-5
Let n = 31 + -37. Let g(d) = 3*d - 3. Let w(c) = -6*c + 6. Let h(t) = n*w(t) - 11*g(t). Let a = 0 + 2. Give h(a).
3
Let v(l) = -2*l**3 + 6*l**2 + 3*l - 3. Let k(q) = 3*q**3 - 7*q**2 - 3*q + 5. Let p(j) = 3*k(j) + 4*v(j). Let s(d) = 2*d + 9. Let c be s(-6). Determine p(c).
-6
Let l(u) = -u**3 - u + 4. Let z = -8 + 11. Suppose -2*c - 4 - 2 = 0. Let k = z + c. What is l(k)?
4
Let m(b) = 2*b**3 - 3*b**2 + 6*b - 5*b + b**3 - 2*b**3 + 2. Let a be (-1 + 0)*(0 - -1). Let t(u) = -u**3 + u - 1. Let n(f) = a*m(f) - 2*t(f). Determine n(-4).
-4
Suppose c = 5*v - 29, -59*c + 31 = 5*v - 58*c. Let n(s) = 7*s**2 - 3*s - 5. Let p(r) = -20*r**2 + 9*r + 14. Let a(o) = 17*n(o) + 6*p(o). Give a(v).
-19
Let y(o) = -o**3 + o - 2. Suppose 3*j = -3*s - 15, -4*s + 3*s - 15 = 3*j. Suppose -5*g + s*t = -t - 3, 0 = 4*g + 5*t + 15. Give y(g).
-2
Suppose -43 - 497 = -15*s. Let y = 33 - s. Let h(t) = t**2 + 2*t + 3. What is h(y)?
6
Let v(o) = -o**3 - 11*o**2 - 11*o + 2. Let z(b) = b**2 + b - 1. Let t(c) = v(c) + 2*z(c). Let n = -6063 - -6055. Calculate t(n).
8
Let f(t) = -t**2 + 7*t + 2. Let i(l) = l + 1. Let y(n) = -f(n) + 4*i(n). Let d(p) = -8*p + 139. Let u be d(17). Determine y(u).
2
Suppose 0 = -4*f + 12, 0*f - 3*f = -2*v - 1. Let i be v/16 - (-45)/(-20). Let t(x) = -x**3 + 2*x**2 + 1. What is t(i)?
17
Suppose 0 = 3*c - 9 + 3. Let y(p) = 64*p**3 + 2*p - 63*p**3 + 0*p**c - 3 - 5*p - 3*p**2. Calculate y(3).
-12
Let v(u) = 4*u - 9 + 6 - 8*u + 13 + 9*u. What is v(-8)?
-30
Suppose -2*r = 4*l - 78, 0*l - 15 = -3*l. Let k = -35 + r. Let d(y) = 0 - 9 + 0*y - y. Determine d(k).
-3
Suppose -6*n - 97 = -157. Let t(s) = 2*s - 24. What is t(n)?
-4
Let q(d) be the first derivative of -d**4/12 + 7*d**3/6 - 8*d + 24. Let r(u) be the first derivative of q(u). Give r(8).
-8
Let f = -3 - -9. Let a(v) = -v**3 + 7*v**2 - 4*v - 23. Let z be a(f). Let b(w) = w + 4. Determine b(z).
-7
Let q be 7 + (4 - 5) + -14. Let g(a) = -a**3 - 7*a**2 + 7*a + 5. Determine g(q).
13
Let y = -6 + 4. Let n be (3/y)/(3/8). Let a(i) be the first derivative of 2*i**3/3 + 3*i**2 + 6*i - 116. Give a(n).
14
Let f(t) = -5*t - 14 - 26 - 13 + 47. Let r = -6 - -2. Let d = -8 - r. Calculate f(d).
14
Let g = -19 - -20. Let v(d) = d**3 + 8*d**2 + 7*d - 4. Let h(y) = -1. Let m(x) = g*v(x) - 5*h(x). Determine m(-7).
1
Let l(z) = z**2 + 3*z + 9. Let k(d) be the second derivative of d**2/2 + 9*d. Let r(i) = -6*k(i) + l(i). Suppose -9 = 3*q + 3. Determine r(q).
7
Let s be (-2)/8 - (-20)/16. Let n(p) = 3*p - 2*p + s - 4 + 2 - p**2. What is n(2)?
-3
Let s(j) = -j**3 - 5*j**2 + 4*j - 3. Suppose 3*y + 33 = -18*c + 13*c, -3*y = -c + 15. Calculate s(y).
9
Let x(n) = n - 20. Suppose z - 5*w = -8, 5*z - 55 = 3*w - 7. Give x(z).
-8
Let j(i) = -i**3 + 12*i**2 - 10*i + 8. Let k(a) = a**2. Let x be -3*(8/12 - 1)*-1. Let w(t) = x*j(t) + 2*k(t). Calculate w(9).
1
Let f(k) = 2*k**2 + 9*k - 8. Suppose 43 = -4*c - 2*u - 3*u, -36 = 3*c + 5*u. Determine f(c).
27
Let z(r) = -10*r**2 - 5*r - 2. Let a(o) = 19*o**2 + 9*o + 4. Let y(x) = 3*a(x) + 5*z(x). Calculate y(-1).
7
Let t(w) = 3*w**3 + 50*w**2 + 44*w - 19. Let v(d) = -2*d**3 - 33*d**2 - 29*d + 13. Let s(x) = 5*t(x) + 8*v(x). Give s(-13).
-4
Let n(f) be the second derivative of f**5/20 - f**4/12 + f**3/6 - 13*f**2/2 + 5*f + 86. Determine n(0).
-13
Let v(i) = 10*i**2 - 2*i - 1. Let h(k) = 11*k**2 - 3*k - 2. Let u(n) = 2*h(n) - 3*v(n). Suppose 3*t - 2*q = -13, 0 - 1 = -4*t - q. Give u(t).
-9
Let y(x) be the secon